49441?
9
What is the units digit of 3032872?
2
What is the hundred thousands digit of 246774?
2
What is the ten thousands digit of 184448?
8
What is the hundreds digit of 315686?
6
What is the ten thousands digit of 66623?
6
What is the units digit of 799078?
8
What is the units digit of 9304745?
5
What is the hundred thousands digit of 113706?
1
What is the millions digit of 14025921?
4
What is the tens digit of 79269?
6
What is the ten thousands digit of 734838?
3
What is the hundred thousands digit of 879108?
8
What is the ten thousands digit of 348699?
4
What is the units digit of 215860?
0
What is the units digit of 104272?
2
What is the tens digit of 849828?
2
What is the hundred thousands digit of 279742?
2
What is the thousands digit of 470272?
0
What is the hundreds digit of 19304341?
3
What is the hundreds digit of 13266856?
8
What is the units digit of 5179308?
8
What is the hundred thousands digit of 1699320?
6
What is the tens digit of 3567?
6
What is the hundred thousands digit of 967646?
9
What is the hundreds digit of 8987855?
8
What is the units digit of 648544?
4
What is the units digit of 949415?
5
What is the hundred thousands digit of 4944596?
9
What is the units digit of 2175547?
7
What is the units digit of 1984642?
2
What is the units digit of 19041514?
4
What is the units digit of 1058981?
1
What is the hundreds digit of 12899898?
8
What is the ten millions digit of 21352769?
2
What is the tens digit of 646054?
5
What is the hundreds digit of 400486?
4
What is the units digit of 8136071?
1
What is the units digit of 113633?
3
What is the ten thousands digit of 157174?
5
What is the hundreds digit of 6196656?
6
What is the tens digit of 256180?
8
What is the thousands digit of 409978?
9
What is the units digit of 1587631?
1
What is the hundred thousands digit of 5333772?
3
What is the thousands digit of 24402514?
2
What is the tens digit of 5199488?
8
What is the units digit of 935525?
5
What is the tens digit of 611271?
7
What is the hundreds digit of 268370?
3
What is the hundred thousands digit of 10698492?
6
What is the hundreds digit of 1111167?
1
What is the tens digit of 460625?
2
What is the units digit of 412092?
2
What is the hundred thousands digit of 523624?
5
What is the thousands digit of 68811?
8
What is the millions digit of 11961313?
1
What is the units digit of 97027?
7
What is the hundred thousands digit of 2026267?
0
What is the hundred thousands digit of 3062759?
0
What is the hundreds digit of 321811?
8
What is the ten thousands digit of 437423?
3
What is the ten thousands digit of 394265?
9
What is the thousands digit of 8393899?
3
What is the tens digit of 2754546?
4
What is the units digit of 795999?
9
What is the millions digit of 5824843?
5
What is the hundred thousands digit of 2694809?
6
What is the millions digit of 4366376?
4
What is the millions digit of 2558039?
2
What is the ten thousands digit of 21933?
2
What is the ten thousands digit of 119124?
1
What is the thousands digit of 3999613?
9
What is the millions digit of 1554250?
1
What is the units digit of 34676?
6
What is the hundred thousands digit of 1097315?
0
What is the millions digit of 1755668?
1
What is the units digit of 1185466?
6
What is the ten thousands digit of 1109445?
0
What is the millions digit of 7878326?
7
What is the tens digit of 2271611?
1
What is the hundred thousands digit of 290477?
2
What is the thousands digit of 1120363?
0
What is the units digit of 1649871?
1
What is the hundreds digit of 159007?
0
What is the tens digit of 942754?
5
What is the hundreds digit of 236312?
3
What is the thousands digit of 6735428?
5
What is the thousands digit of 161581?
1
What is the hundreds digit of 182230?
2
What is the ten thousands digit of 227849?
2
What is the millions digit of 2567661?
2
What is the thousands digit of 5954176?
4
What is the ten thousands digit of 6014944?
1
What is the units digit of 24828933?
3
What is the hundreds digit of 417809?
8
What is the hundred thousands digit of 215848?
2
What is the millions digit of 28050778?
8
What is the hundreds digit of 40214?
2
What is the millions digit of 7933630?
7
What is the ten thousands digit of 6420611?
2
What is the tens digit of 347073?
7
What is the millions digit of 7527169?
7
What is the ten thousands digit of 180986?
8
What is the ten thousands digit of 4615462?
1
What is the ten thousands digit of 3066740?
6
What is the tens digit of 38697?
9
What is the ten thousands digit of 364622?
6
What is the millions digit of 7295510?
7
What is the hundred thousands digit of 1073043?
0
What is the thousands digit of 594327?
4
What is the units digit of 4099381?
1
What is the thousands digit of 3072057?
2
What is the tens digit of 325175?
7
What is the hundreds digit of 662814?
8
What is the units digit of 185624?
4
What is the thousands digit of 3895939?
5
What is the tens digit of 6473185?
8
What is the units digit of 5669050?
0
What is the hundred thousands digit of 518391?
5
What is the hundreds digit of 159950?
9
What is the thousands digit of 2369505?
9
What is the thousands digit of 89004?
9
What is the units digit of 326684?
4
What is the thousands digit of 382962?
2
What is the hundred thousands digit of 7003917?
0
What is the tens digit of 6202624?
2
What is the tens digit of 772959?
5
What is the thousands digit of 1317337?
7
What is the tens digit of 646863?
6
What is the tens digit of 1795183?
8
What is the millions digit of 1328431?
1
What is the ten thousands digit of 7785429?
8
What is the tens digit of 278237?
3
What is the ten millions digit of 12419771?
1
What is the hundreds digit of 28120779?
7
What is the thousands digit of 2440295?
0
What is the thousands digit of 9076916?
6
What is the ten thousands digit of 24852607?
5
What is the ten thousands digit of 13642410?
4
What is the thousands digit of 487015?
7
What is the millions digit of 1755110?
1
What is the hundred thousands digit of 625485?
6
What is the hundreds digit of 3438031?
0
What is the hundreds digit of 987682?
6
What is the tens digit of 6554656?
5
What is the ten thousands digit of 66619?
6
What is the millions digit of 2422662?
2
What is the ten thousands digit of 219211?
1
What is the hundred thousands digit of 3252934?
2
What is the thousands digit of 2360436?
0
What is the hundreds digit of 2793550?
5
What is the units digit of 375550?
0
What is the thousands digit of 69372?
9
What is the hundreds digit of 154639?
6
What is the thousands digit of 213811?
3
What is the tens digit of 189732?
3
What is the ten thousands digit of 2409496?
0
What is the ten thousands digit of 250293?
5
What is the units digit of 769955?
5
What is the millions digit of 3839669?
3
What is the tens digit of 128414?
1
What is the thousands digit of 5305697?
5
What is the ten thousands digit of 3849786?
4
What is the hundred thousands digit of 2800180?
8
What is the thousands digit of 209797?
9
What is the thousands digit of 963111?
3
What is the tens digit of 7241176?
7
What is the units digit of 116795?
5
What is the ten thousands digit of 2668196?
6
What is the tens digit of 1252510?
1
What is the hundred thousands digit of 3884884?
8
What is the hundred thousands digit of 2389230?
3
What is the tens digit of 182662?
6
What is the hundreds digit of 26190860?
8
What is the ten thousands digit of 267143?
6
What is the thousands digit of 487130?
7
What is the hundred thousands digit of 714405?
7
What is the thousands digit of 1231558?
1
What is the thousands digit of 44260?
4
What is the ten thousands digit of 1367584?
6
What is the hundred thousands digit of 4915556?
9
What is the thousands digit of 14156791?
6
What is the hundred thousands digit of 422369?
4
What is the units digit of 16059244?
4
What is the thousands digit of 1286192?
6
What is the hundred thousands digit of 1186695?
1
What is the thousands digit of 102339?
2
What is the units digit of 450915?
5
What is the tens digit of 862976?
7
What is the hundred thousands digit of 4179205?
1
What is the ten thousands digit of 177375?
7
What is the hundreds digit of 8655547?
5
What is the tens digit of 6169146?
4
What is the thousands digit of 979350?
9
What is the ten thousands digit of 1090996?
9
What is the ten thousands digit of 